 84 = z. Let a(m) = -225*m**3 + 3*m + 2. Let p be a(-1). Suppose -2*o - p = -6*o. Calculate the highest common factor of z and o.
28
Suppose 0 = -20*c - 7 + 107. Suppose 4*t - 710 = -c*l, 0 = -2*t + t + 5*l + 165. Calculate the highest common factor of t and 75.
25
Suppose 0 = -g + 4*n - 153 + 1196, -g - n + 1033 = 0. What is the greatest common factor of g and 92?
23
Let m be (1 - -1) + (-13)/(-1). Suppose y = -4*y - 3*t + 18, -y = -3*t. Suppose 75 + m = y*d. Calculate the highest common divisor of 40 and d.
10
Let u(f) = f + 3. Let w(p) = -9*p + 18. Let k(j) = 6*u(j) + w(j). Let d be k(4). What is the highest common divisor of d and 108?
12
Let q(j) = -2*j**2 + 37*j + 58. Let w be q(18). Suppose 1978 = 2*z - v, v - 5188 + 250 = -5*z. What is the greatest common factor of w and z?
76
Let w(z) be the third derivative of 11*z**5/30 + 89*z**4/24 + 5*z**3/3 + 20*z**2. Let o be w(-7). Calculate the greatest common divisor of o and 15.
15
Let a be ((-10)/(-6) + -1)*(-154 - -157). Let u be a*735 + 10 + -10. What is the greatest common divisor of 105 and u?
105
Let g(a) = 139*a - 210. Let l be g(3). Calculate the highest common factor of 2208 and l.
69
Let g(q) = -18*q - 390. Let b be g(-26). Let a = 564 + -356. Suppose a - b = 5*j. Calculate the highest common divisor of 13 and j.
13
Let b be (-293)/(-2) - (-7 - 153/(-18)). Suppose 4*h + 8 = 0, -3*f - 5*h = -b - 211. What is the greatest common factor of f and 305?
61
Let o(j) = j**2 - 40*j - 853. Let v be o(-16). Calculate the highest common factor of 7052 and v.
43
Suppose 2*l + 6*o + 38 = 7*o, 3*l = 3*o - 60. Let z(r) = -11*r**2 + 3. Let i be z(-3). Let n = l - i. What is the greatest common factor of 39 and n?
39
Let t = -99 - 14. Let m = t - -173. Calculate the greatest common divisor of m and 140.
20
Let u(x) = 42*x - 154. Let m be u(5). Calculate the highest common divisor of 808 and m.
8
Let z = 32 + -30. Let o be (69/(-4))/(z/16). Let n = o + 194. Calculate the greatest common divisor of 4 and n.
4
Let j be 32/(-4)*4/(-4). Let v = j + 6. Let z be (27 + 7 - 6)*(-4 + 4 + 2). What is the highest common factor of v and z?
14
Suppose -33 = -4*l - 5*y - 29, -5*y = 3*l - 3. Calculate the greatest common factor of l and 9.
1
Suppose 18*z - 723 - 879 = 0. Suppose j - 3*b - z = 0, 3*j - 6*b - 234 = -8*b. Calculate the highest common factor of 32 and j.
16
Suppose -31165 = -200*n + 34776 + 103059. Calculate the greatest common factor of n and 325.
65
Suppose 15*q - 196383 + 70743 = 0. What is the highest common divisor of 24 and q?
24
Let u(n) = -n**2 + 24*n - 168. Let r be u(15). Let o be (-58)/(-319) - (4515/r - -1). What is the greatest common divisor of o and 170?
34
Let x(o) = 123*o + 520. Let y be x(-4). Calculate the highest common factor of 1134 and y.
14
Let s(f) = f**3 - 5*f - 11. Let a be s(4). Suppose -1435 = -a*q + 7475. What is the greatest common divisor of 27 and q?
27
Suppose -4675 = 3*y + 167. Let c be y/(-27) + (-4)/(-18). Let r = 3 + 7. Calculate the highest common divisor of c and r.
10
Suppose -267*l + 192*l - 16638 = -134*l. Calculate the highest common divisor of 17061 and l.
141
Let q = 30559 + -17211. Calculate the greatest common divisor of q and 284.
284
Let d(b) be the second derivative of -2*b**3/3 - 13*b**2/2 - 9*b. Let h be d(3). Let f be 3/(18/(-195))*30/h. What is the greatest common divisor of f and 273?
39
Suppose 252 = -8*a + 11*a. Suppose -4*k + 204 = -a. Calculate the highest common factor of 18 and k.
18
Let t be ((-66)/6*-1)/(3 - 2). Suppose -o = 7 - t. Calculate the greatest common divisor of 5 and o.
1
Suppose -2*u = -z + 295, 5*u = 5*z - 770 - 720. Suppose 4*i - 293 = -7*w, -w + 5*i - 2025 = -2078. What is the highest common factor of z and w?
43
Suppose -5*t - 4*w - 3239 = -8551, -5*w = 3*t - 3182. What is the greatest common factor of 84 and t?
28
Let q = -87 - -180. Let b = 13649 - 13618. What is the highest common divisor of b and q?
31
Let o be (-84)/50*10*-370. What is the greatest common factor of 120 and o?
24
Suppose 9216 = -2681*x + 2684*x + 2*p, 9 = -p. What is the highest common factor of 378 and x?
54
Let w be ((-12)/24)/((-1)/(-8)) + 9. Suppose 16*s + w = 229. What is the highest common divisor of s and 21?
7
Let m = 4374 + -3677. Let i be (-1963)/(-117) + 4/18. Calculate the greatest common factor of i and m.
17
Let i = 137 - 135. Suppose 2*s = -4*g + 18, -i*g = -5*s - 3*g + 45. What is the greatest common factor of s and 81?
9
Let k = 11606 - 11603. What is the greatest common factor of k and 3207?
3
Suppose -38*p = -31*p - 5208. Suppose p - 244 = 5*a. What is the highest common factor of 150 and a?
50
Let f(c) = c**3 - 3*c**2 + 3*c. Let a be f(2). Let n(q) = -8*q + 0*q**a + 9 + 0*q**2 + q**2. Let t be n(8). What is the greatest common factor of t and 99?
9
Suppose 2*j = 8*j - 18. Suppose 0 = -j*g + 2*v + 51 - 2, 0 = 5*g - 2*v - 87. Suppose 2*b - 41 = g. What is the greatest common divisor of b and 10?
10
Suppose 4*c + 4*y = -0*c - 1244, -c = 4*y + 311. Let o = -213 - c. Let l(w) = 7*w + 161. Let x be l(-21). What is the greatest common factor of x and o?
14
Let i(d) = -5*d**2 - 124*d + 226. Let f be i(-26). What is the greatest common divisor of 1750 and f?
70
Suppose -165 = -d - 3*x, -2*d - 2*x + 147 = -195. Let y = -5308 - -5314. Calculate the greatest common divisor of d and y.
6
Suppose 8 = -4*f, 3*h - 68 = -3*f + 22. Let a = 6713 + -6693. Calculate the greatest common factor of a and h.
4
Let c(s) = -52 - 2519*s - 2509*s + 5037*s. Let r be c(36). What is the highest common factor of 112 and r?
16
Let x(n) = n**2 - 32*n + 34. Let m be x(1). Suppose -m*p - 29 = -95. What is the greatest common factor of 748 and p?
22
Suppose 5*w + 5 = 0, -c - c - w = 37. Let q be (c/(-12))/(2/6)*54. What is the highest common divisor of q and 27?
27
Let w be (-1528)/(-56) + (-4)/14*1 - 0. What is the greatest common factor of w and 216?
27
Let w be ((-3)/6)/(-1) + 51/6. Suppose -w*d + 136 = -134. What is the greatest common divisor of d and 20?
10
Suppose 7*t + 171465 = 25*t + 51*t. Calculate the highest common factor of t and 70.
35
Suppose -3*m + z = -0*z - 311, 3*m = -4*z + 331. Let u be 6 - (-15)/(m/(-28)). Calculate the greatest common factor of u and 46.
2
Let y(p) = -182*p - 5097. Let w be y(-31). Calculate the highest common factor of 55 and w.
5
Let l be ((-4)/3)/(20/(-150)). Let m be l/20 + 70/4. Let u = -996 - -1176. What is the highest common divisor of u and m?
18
Let q(g) = -g**3 - 7*g**2 - 3*g - 25. Let h be (64/12)/((-18)/27). Let p be q(h). What is the highest common divisor of 105 and p?
21
Suppose -10*p + 122 = 49 - 167. Calculate the highest common factor of 1784 and p.
8
Let h(c) = -3*c + 1. Let t be h(-5). Let k = -386 + 137. Let b = k + 393. What is the greatest common divisor of b and t?
16
Let q = -30237 - -30261. Calculate the highest common factor of q and 717.
3
Let l = 24 - 20. Let h be l/22 + 5 + (-12066)/(-66). Calculate the highest common factor of h and 47.
47
Let b(f) = -f**2 + 56*f + 1884. Let i be b(79). What is the highest common divisor of i and 24790?
67
Suppose 4*q = 3*q - 12. Let o = q + 8. Let w(s) = 5*s**2 - 10. Let g be w(o). Calculate the greatest common factor of g and 28.
14
Suppose 22*a - 588 = 10*a. Let m be 8/(-20)*30/(-3). Suppose -w = -6*w + m*i + 66, w - 16 = -2*i. What is the highest common factor of a and w?
7
Let v be ((-8)/6)/(4/(-633)). Let x = v - 155. What is the greatest common factor of 98 and x?
14
Suppose 2*t = -y + 337, 0 = -3*y + 4*t + 684 + 337. Let n = y - 240. What is the greatest common factor of n and 9?
9
Let u be -1*(-4)/46 - (23759/(-529) - 12). Let t(w) = 5*w**3 - 2*w**2 + 3*w. Let v be t(2). What is the greatest common factor of u and v?
19
Let r = -24 - -289. Let f = r + -220. Let x(z) = -16*z - 1. Let c be x(-1). Calculate the highest common factor of c and f.
15
Let c(w) = -w**3 + 12*w**2 - 21*w + 12. Let p be c(10). Suppose -2*o - 1 + 19 = -p*x, -2*x - 2 = 0. What is the highest common factor of o and 216?
8
Let f be ((-81)/(-54))/((-1)/8). Let g be (20 + -1)*(f + 9). Let j = 321 + g. What is the highest common factor of 24 and j?
24
Let v be ((-12)/(84/35))/(4/(-40)) + 4. What is the highest common factor of 1251 and v?
9
Let b = 597 + -377. Suppose 8*t - 60 = b. Suppose